tor of 93 and 279?
93
What is the greatest common factor of 95110 and 10?
10
Calculate the highest common divisor of 17 and 17.
17
Calculate the greatest common factor of 9 and 288.
9
What is the highest common factor of 950 and 1450?
50
What is the greatest common divisor of 32777 and 73?
73
Calculate the highest common factor of 874 and 46.
46
What is the highest common factor of 20537 and 22?
11
What is the highest common factor of 10 and 3?
1
What is the highest common factor of 2198 and 378?
14
Calculate the greatest common divisor of 3552 and 896.
32
Calculate the greatest common factor of 88 and 572.
44
What is the highest common factor of 71087 and 67?
67
Calculate the highest common divisor of 82 and 1312.
82
Calculate the greatest common divisor of 756 and 156.
12
What is the greatest common factor of 294 and 30?
6
Calculate the highest common factor of 99 and 2259.
9
What is the highest common divisor of 39 and 195?
39
Calculate the greatest common factor of 162 and 45.
9
What is the highest common divisor of 120 and 280?
40
What is the highest common divisor of 3874 and 2086?
298
What is the highest common factor of 13995 and 45?
45
What is the greatest common factor of 1390 and 10?
10
What is the greatest common divisor of 32 and 216?
8
What is the highest common divisor of 6942 and 445?
89
What is the greatest common factor of 54 and 45?
9
What is the greatest common factor of 250 and 12100?
50
What is the highest common divisor of 4705 and 20?
5
What is the greatest common divisor of 21 and 42?
21
What is the greatest common divisor of 352 and 44?
44
What is the greatest common divisor of 11 and 484?
11
Calculate the highest common factor of 23044 and 42.
14
Calculate the greatest common divisor of 175 and 245.
35
Calculate the highest common factor of 70 and 294.
14
Calculate the greatest common divisor of 13 and 4.
1
What is the greatest common factor of 4392 and 288?
72
Calculate the highest common divisor of 23 and 4.
1
What is the highest common divisor of 273 and 189?
21
Calculate the greatest common factor of 67 and 1608.
67
Calculate the highest common divisor of 2635 and 4340.
155
Calculate the greatest common factor of 54 and 54.
54
Calculate the greatest common factor of 17450 and 50.
50
What is the greatest common divisor of 200 and 1370?
10
What is the greatest common factor of 1265 and 4807?
253
Calculate the highest common divisor of 1944 and 152.
8
Calculate the greatest common divisor of 176 and 22.
22
Calculate the highest common divisor of 18 and 2466.
18
Calculate the greatest common factor of 16514 and 368.
46
Calculate the highest common factor of 2 and 38.
2
What is the greatest common factor of 1251 and 9?
9
Calculate the highest common divisor of 284 and 1349.
71
Calculate the greatest common divisor of 713 and 23.
23
What is the highest common factor of 60 and 435?
15
Calculate the highest common factor of 28 and 91.
7
What is the highest common factor of 84 and 636?
12
Calculate the highest common divisor of 392 and 56.
56
Calculate the greatest common divisor of 6 and 6000.
6
What is the greatest common divisor of 2004 and 84?
12
What is the greatest common divisor of 189 and 27?
27
What is the greatest common divisor of 6391 and 55?
11
What is the greatest common factor of 60 and 40?
20
Calculate the highest common factor of 44 and 16.
4
What is the highest common factor of 9 and 765?
9
What is the highest common factor of 216 and 6840?
72
What is the greatest common divisor of 328 and 8?
8
What is the greatest common divisor of 30 and 510?
30
Calculate the highest common divisor of 15 and 75.
15
What is the highest common factor of 56 and 21?
7
What is the greatest common factor of 170 and 425?
85
Calculate the highest common factor of 1149 and 6.
3
What is the highest common divisor of 558 and 1860?
186
What is the greatest common divisor of 42 and 84?
42
What is the greatest common divisor of 436 and 4251?
109
Calculate the highest common divisor of 6 and 180.
6
What is the greatest common factor of 24 and 792?
24
Calculate the greatest common divisor of 2424 and 72.
24
Calculate the greatest common factor of 32 and 1024.
32
Calculate the greatest common factor of 432 and 162.
54
Calculate the greatest common divisor of 1740 and 120.
60
What is the highest common factor of 345 and 15?
15
Calculate the greatest common divisor of 30 and 15705.
15
What is the greatest common divisor of 17 and 425?
17
What is the greatest common factor of 4 and 296?
4
Calculate the highest common divisor of 50 and 14925.
25
What is the greatest common factor of 20 and 4?
4
What is the highest common divisor of 13680 and 45?
45
What is the greatest common factor of 140 and 16?
4
Calculate the highest common divisor of 13 and 8749.
13
What is the highest common factor of 6416 and 32?
16
Calculate the highest common factor of 2 and 30.
2
What is the highest common factor of 2175 and 3335?
145
What is the highest common divisor of 465 and 10?
5
What is the highest common factor of 165 and 6?
3
What is the greatest common factor of 1183 and 637?
91
Calculate the highest common divisor of 258 and 4902.
258
What is the highest common factor of 40 and 1268?
4
What is the highest common divisor of 276 and 2116?
92
Calculate the highest common divisor of 12 and 42.
6
Calculate the greatest common factor of 168 and 42.
42
Calculate the greatest common divisor of 72 and 180.
36
What is the greatest common factor of 20 and 6830?
10
What is the highest common factor of 19 and 3401?
19
What is the highest common factor of 4 and 2218?
2
Calculate the greatest common divisor of 11 and 22.
11
Calculate the greatest common divisor of 24 and 19452.
12
Calculate the highest common factor of 1 and 106.
1
What is the highest common factor of 832 and 64?
64
What is the greatest common factor of 162 and 45?
9
What is the greatest common factor of 51 and 51?
51
Calculate the highest common divisor of 16 and 72.
8
What is the highest common divisor of 410 and 5?
5
Calculate the highest common factor of 1488 and 868.
124
Calculate the greatest common factor of 28 and 224.
28
Calculate the greatest common divisor of 711 and 316.
79
What is the highest common divisor of 594 and 54?
54
Calculate the highest common factor of 88 and 11.
11
What is the highest common divisor of 215 and 2881?
43
What is the highest common divisor of 2784 and 2400?
96
Calculate the greatest common divisor of 63 and 1743.
21
What is the greatest common factor of 7 and 7567?
7
What is the highest common factor of 4991 and 56?
7
What is the greatest common factor of 140 and 2?
2
What is the highest common divisor of 5016 and 798?
114
Calculate the highest common divisor of 40 and 1115.
5
What is the greatest common divisor of 1273 and 335?
67
Calculate the highest common divisor of 1544 and 5597.
193
What is the highest common divisor of 1825 and 25?
25
Calculate the greatest common divisor of 30 and 690.
30
Calculate the greatest common divisor of 1920 and 3120.
240
What is the greatest common divisor of 481 and 13?
13
Calculate the greatest common divisor of 108 and 1068.
12
Calculate the greatest common divisor of 428 and 32.
4
What is the greatest common divisor of 247 and 266?
19
What is the highest common factor of 12 and 192?
12
Calculate the highest common factor of 31775 and 124.
31
What is the greatest common factor of 198 and 18?
18
Calculate the highest common divisor of 555 and 255.
15
Calculate the greatest common divisor of 87 and 319.
29
What is the greatest common divisor of 146 and 34456?
146
What is the highest common divisor of 132 and 8580?
132
Calculate the greatest common divisor of 43 and 1.
1
Calculate the highest common divisor of 4515 and 168.
21
What is the greatest common factor of 639 and 9?
9
What is the greatest common factor of 585 and 1495?
65
Calculate the greatest common divisor of 219 and 1241.
73
What is the greatest common divisor of 377 and 78?
13
What is the highest common factor of 369 and 18?
9
Calculate the greatest common factor of 153 and 408.
51
Calculate the greatest common factor of 44 and 14.
2
Calculate the highest common factor of 2432 and 19.
19
What is the greatest common factor of 32 and 144?
16
Calculate the grea